[INFO] cloning repository https://github.com/vblanco20-1/Rust-boxbattle
[INFO] running `Command { std: "git" "-c" "credential.helper=" "-c" "credential.helper=/workspace/cargo-home/bin/git-credential-null" "clone" "--bare" "https://github.com/vblanco20-1/Rust-boxbattle" "/workspace/cache/git-repos/https%3A%2F%2Fgithub.com%2Fvblanco20-1%2FRust-boxbattle", kill_on_drop: false }`
[INFO] [stderr] Cloning into bare repository '/workspace/cache/git-repos/https%3A%2F%2Fgithub.com%2Fvblanco20-1%2FRust-boxbattle'...
[INFO] running `Command { std: "git" "rev-parse" "HEAD", kill_on_drop: false }`
[INFO] [stdout] 80419d8bd5c25e19333ad35b7c7218bf336b70d2
[INFO] building vblanco20-1/Rust-boxbattle against master#881c1ac408d93bb7adaa3a51dabab9266e82eee8 for issue-85264
[INFO] running `Command { std: "git" "clone" "/workspace/cache/git-repos/https%3A%2F%2Fgithub.com%2Fvblanco20-1%2FRust-boxbattle" "/workspace/builds/worker-14/source", kill_on_drop: false }`
[INFO] [stderr] Cloning into '/workspace/builds/worker-14/source'...
[INFO] [stderr] done.
[INFO] validating manifest of git repo https://github.com/vblanco20-1/Rust-boxbattle on toolchain 881c1ac408d93bb7adaa3a51dabab9266e82eee8
[INFO] running `Command { std: "/workspace/cargo-home/bin/cargo" "+881c1ac408d93bb7adaa3a51dabab9266e82eee8" "metadata" "--manifest-path" "Cargo.toml" "--no-deps", kill_on_drop: false }`
[INFO] started tweaking git repo https://github.com/vblanco20-1/Rust-boxbattle
[INFO] finished tweaking git repo https://github.com/vblanco20-1/Rust-boxbattle
[INFO] tweaked toml for git repo https://github.com/vblanco20-1/Rust-boxbattle written to /workspace/builds/worker-14/source/Cargo.toml
[INFO] crate git repo https://github.com/vblanco20-1/Rust-boxbattle already has a lockfile, it will not be regenerated
[INFO] running `Command { std: "/workspace/cargo-home/bin/cargo" "+881c1ac408d93bb7adaa3a51dabab9266e82eee8" "fetch" "--manifest-path" "Cargo.toml", kill_on_drop: false }`
[INFO] [stderr]  Downloading crates ...
[INFO] [stderr]   Downloaded xml-rs v0.7.0
[INFO] [stderr]   Downloaded draw_state v0.8.0
[INFO] [stderr]   Downloaded gfx_core v0.8.2
[INFO] [stderr]   Downloaded synstructure v0.6.1
[INFO] [stderr]   Downloaded failure_derive v0.1.1
[INFO] [stderr]   Downloaded shell32-sys v0.1.2
[INFO] [stderr]   Downloaded failure v0.1.1
[INFO] [stderr]   Downloaded xdg v2.1.0
[INFO] [stderr]   Downloaded derivative v1.0.0
[INFO] [stderr]   Downloaded syn v0.10.8
[INFO] [stderr]   Downloaded atom v0.3.4
[INFO] [stderr]   Downloaded alga v0.5.3
[INFO] [stderr]   Downloaded nalgebra v0.14.1
[INFO] [stderr]   Downloaded serde v1.0.37
[INFO] [stderr]   Downloaded serde_derive v1.0.37
[INFO] [stderr]   Downloaded serde_derive_internals v0.23.0
[INFO] [stderr]   Downloaded cc v1.0.9
[INFO] [stderr]   Downloaded ordered-float v0.5.0
[INFO] [stderr]   Downloaded coreaudio-rs v0.7.0
[INFO] [stderr]   Downloaded lewton v0.5.2
[INFO] [stderr]   Downloaded alsa-sys v0.1.1
[INFO] [stderr]   Downloaded coreaudio-sys v0.1.2
[INFO] [stderr]   Downloaded sid v0.5.0
[INFO] [stderr]   Downloaded png v0.11.0
[INFO] [stderr]   Downloaded image v0.18.0
[INFO] [stderr]   Downloaded gif v0.9.2
[INFO] [stderr]   Downloaded lyon_geom v0.10.0
[INFO] [stderr]   Downloaded gfx_window_sdl v0.8.0
[INFO] [stderr]   Downloaded gfx_device_gl v0.15.2
[INFO] [stderr]   Downloaded cpal v0.6.0
[INFO] [stderr]   Downloaded quote v0.5.1
[INFO] [stderr]   Downloaded smart-default v0.2.0
[INFO] [stderr]   Downloaded lyon_path v0.10.0
[INFO] [stderr]   Downloaded cgmath v0.14.1
[INFO] [stderr]   Downloaded euclid v0.17.2
[INFO] [stderr]   Downloaded podio v0.1.6
[INFO] [stderr]   Downloaded crossbeam v0.3.2
[INFO] [stderr]   Downloaded pulse v0.5.3
[INFO] [stderr]   Downloaded slog-term v2.3.0
[INFO] [stderr]   Downloaded lyon v0.10.0
[INFO] [stderr]   Downloaded rayon v1.0.1
[INFO] [stderr]   Downloaded backtrace v0.3.5
[INFO] [stderr]   Downloaded deflate v0.7.18
[INFO] [stderr]   Downloaded inflate v0.3.4
[INFO] [stderr]   Downloaded jpeg-decoder v0.1.14
[INFO] [stderr]   Downloaded lyon_tessellation v0.10.0
[INFO] [stderr]   Downloaded bzip2-sys v0.1.6
[INFO] [stderr]   Downloaded claxon v0.3.1
[INFO] [stderr]   Downloaded slog-async v2.3.0
[INFO] [stderr]   Downloaded num-integer v0.1.36
[INFO] [stderr]   Downloaded num-iter v0.1.35
[INFO] [stderr]   Downloaded chrono v0.4.2
[INFO] [stderr]   Downloaded num v0.1.42
[INFO] [stderr]   Downloaded slog v2.2.3
[INFO] [stderr]   Downloaded specs-derive v0.1.0
[INFO] [stderr]   Downloaded term v0.4.6
[INFO] [stderr]   Downloaded hound v1.1.0
[INFO] [stderr]   Downloaded itertools v0.5.10
[INFO] [stderr]   Downloaded num-complex v0.1.43
[INFO] [stderr]   Downloaded num-rational v0.1.42
[INFO] [stderr]   Downloaded stb_truetype v0.2.2
[INFO] [stderr]   Downloaded ole32-sys v0.2.0
[INFO] [stderr]   Downloaded ogg v0.4.1
[INFO] [stderr]   Downloaded rusttype v0.5.2
[INFO] [stderr]   Downloaded zip v0.3.1
[INFO] [stderr]   Downloaded bzip2 v0.3.2
[INFO] [stderr]   Downloaded msdos_time v0.1.6
[INFO] [stderr]   Downloaded sdl2 v0.31.0
[INFO] [stderr]   Downloaded hibitset v0.3.2
[INFO] [stderr]   Downloaded shred-derive v0.3.0
[INFO] [stderr]   Downloaded tuple_utils v0.2.0
[INFO] [stderr]   Downloaded shred v0.5.2
[INFO] [stderr]   Downloaded rayon v0.8.2
[INFO] [stderr]   Downloaded app_dirs2 v2.0.3
[INFO] [stderr]   Downloaded gfx v0.17.1
[INFO] [stderr]   Downloaded specs v0.10.0
[INFO] [stderr]   Downloaded gfx_gl v0.5.0
[INFO] [stderr]   Downloaded ncollide_transformation v0.9.0
[INFO] [stderr]   Downloaded khronos_api v2.2.0
[INFO] [stderr]   Downloaded sdl2-sys v0.31.0
[INFO] [stderr]   Downloaded ggez v0.4.2
[INFO] [stderr]   Downloaded gl_generator v0.9.0
[INFO] [stderr]   Downloaded color_quant v1.0.0
[INFO] [stderr]   Downloaded ncollide_math v0.9.0
[INFO] [stderr]   Downloaded num-traits v0.2.2
[INFO] [stderr]   Downloaded ncollide_procedural v0.9.0
[INFO] [stderr]   Downloaded ncollide_pipeline v0.13.1
[INFO] [stderr]   Downloaded collision v0.14.0
[INFO] [stderr]   Downloaded ncollide_geometry v0.6.3
[INFO] [stderr]   Downloaded ncollide_utils v0.9.0
[INFO] [stderr]   Downloaded ncollide v0.14.1
[INFO] [stderr]   Downloaded num-bigint v0.1.43
[INFO] [stderr]   Downloaded rodio v0.6.0
[INFO] running `Command { std: "docker" "create" "-v" "/var/lib/crater-agent-workspace/builds/worker-14/target:/opt/rustwide/target:rw,Z" "-v" "/var/lib/crater-agent-workspace/builds/worker-14/source:/opt/rustwide/workdir:ro,Z" "-v" "/var/lib/crater-agent-workspace/cargo-home:/opt/rustwide/cargo-home:ro,Z" "-v" "/var/lib/crater-agent-workspace/rustup-home:/opt/rustwide/rustup-home:ro,Z" "-e" "SOURCE_DIR=/opt/rustwide/workdir" "-e" "CARGO_TARGET_DIR=/opt/rustwide/target" "-e" "CARGO_HOME=/opt/rustwide/cargo-home" "-e" "RUSTUP_HOME=/opt/rustwide/rustup-home" "-w" "/opt/rustwide/workdir" "-m" "1610612736" "--user" "0:0" "--network" "none" "ghcr.io/rust-lang/crates-build-env/linux@sha256:20528e8c29e4536546f0102ce88568b16ea7538393a33fcca951030f7af10457" "/opt/rustwide/cargo-home/bin/cargo" "+881c1ac408d93bb7adaa3a51dabab9266e82eee8" "metadata" "--no-deps" "--format-version=1", kill_on_drop: false }`
[INFO] [stdout] ce8c4346b8539b469769be6ba75474c8ac72abdfc7b9b4177cfcab02d77c5aba
[INFO] [stderr] WARNING: Your kernel does not support swap limit capabilities or the cgroup is not mounted. Memory limited without swap.
[INFO] running `Command { std: "docker" "start" "-a" "ce8c4346b8539b469769be6ba75474c8ac72abdfc7b9b4177cfcab02d77c5aba", kill_on_drop: false }`
[INFO] running `Command { std: "docker" "inspect" "ce8c4346b8539b469769be6ba75474c8ac72abdfc7b9b4177cfcab02d77c5aba", kill_on_drop: false }`
[INFO] running `Command { std: "docker" "rm" "-f" "ce8c4346b8539b469769be6ba75474c8ac72abdfc7b9b4177cfcab02d77c5aba", kill_on_drop: false }`
[INFO] [stdout] ce8c4346b8539b469769be6ba75474c8ac72abdfc7b9b4177cfcab02d77c5aba
[INFO] running `Command { std: "docker" "create" "-v" "/var/lib/crater-agent-workspace/builds/worker-14/target:/opt/rustwide/target:rw,Z" "-v" "/var/lib/crater-agent-workspace/builds/worker-14/source:/opt/rustwide/workdir:ro,Z" "-v" "/var/lib/crater-agent-workspace/cargo-home:/opt/rustwide/cargo-home:ro,Z" "-v" "/var/lib/crater-agent-workspace/rustup-home:/opt/rustwide/rustup-home:ro,Z" "-e" "SOURCE_DIR=/opt/rustwide/workdir" "-e" "CARGO_TARGET_DIR=/opt/rustwide/target" "-e" "CARGO_INCREMENTAL=0" "-e" "RUST_BACKTRACE=full" "-e" "RUSTFLAGS=--cap-lints=forbid" "-e" "CARGO_HOME=/opt/rustwide/cargo-home" "-e" "RUSTUP_HOME=/opt/rustwide/rustup-home" "-w" "/opt/rustwide/workdir" "-m" "1610612736" "--user" "0:0" "--network" "none" "ghcr.io/rust-lang/crates-build-env/linux@sha256:20528e8c29e4536546f0102ce88568b16ea7538393a33fcca951030f7af10457" "/opt/rustwide/cargo-home/bin/cargo" "+881c1ac408d93bb7adaa3a51dabab9266e82eee8" "build" "--frozen" "--message-format=json", kill_on_drop: false }`
[INFO] [stdout] 7b9e54b1e235a1cf7418c4395ba88f87c1ff774f2cd873ea05a6c9bec6f6e4b1
[INFO] [stderr] WARNING: Your kernel does not support swap limit capabilities or the cgroup is not mounted. Memory limited without swap.
[INFO] running `Command { std: "docker" "start" "-a" "7b9e54b1e235a1cf7418c4395ba88f87c1ff774f2cd873ea05a6c9bec6f6e4b1", kill_on_drop: false }`
[INFO] [stderr]    Compiling cfg-if v0.1.2
[INFO] [stderr]    Compiling nodrop v0.1.12
[INFO] [stderr]    Compiling rustc-serialize v0.3.24
[INFO] [stderr]    Compiling unicode-xid v0.0.4
[INFO] [stderr]    Compiling quote v0.3.15
[INFO] [stderr]    Compiling bitflags v1.0.1
[INFO] [stderr]    Compiling typenum v1.10.0
[INFO] [stderr]    Compiling either v1.5.0
[INFO] [stderr]    Compiling matrixmultiply v0.1.14
[INFO] [stderr]    Compiling scopeguard v0.3.3
[INFO] [stderr]    Compiling memoffset v0.2.1
[INFO] [stderr]    Compiling rawpointer v0.1.0
[INFO] [stderr]    Compiling rayon-core v1.4.0
[INFO] [stderr]    Compiling khronos_api v2.2.0
[INFO] [stderr]    Compiling void v1.0.2
[INFO] [stderr]    Compiling pkg-config v0.3.9
[INFO] [stderr]    Compiling unicode-xid v0.1.0
[INFO] [stderr]    Compiling atom v0.3.4
[INFO] [stderr]    Compiling cgmath v0.16.1
[INFO] [stderr]    Compiling odds v0.2.26
[INFO] [stderr]    Compiling lzw v0.10.0
[INFO] [stderr]    Compiling serde v1.0.37
[INFO] [stderr]    Compiling slog v2.2.3
[INFO] [stderr]    Compiling podio v0.1.6
[INFO] [stderr]    Compiling scoped_threadpool v0.1.9
[INFO] [stderr]    Compiling smallvec v0.4.4
[INFO] [stderr]    Compiling fnv v1.0.6
[INFO] [stderr]    Compiling crossbeam v0.3.2
[INFO] [stderr]    Compiling tuple_utils v0.2.0
[INFO] [stderr]    Compiling take_mut v0.2.2
[INFO] [stderr]    Compiling time v0.1.39
[INFO] [stderr]    Compiling isatty v0.1.7
[INFO] [stderr]    Compiling num-traits v0.1.43
[INFO] [stderr]    Compiling bzip2-sys v0.1.6
[INFO] [stderr]    Compiling ogg v0.4.1
[INFO] [stderr]    Compiling stb_truetype v0.2.2
[INFO] [stderr]    Compiling crossbeam-utils v0.2.2
[INFO] [stderr]    Compiling log v0.4.1
[INFO] [stderr]    Compiling sdl2-sys v0.31.0
[INFO] [stderr]    Compiling deflate v0.7.18
[INFO] [stderr]    Compiling inflate v0.3.4
[INFO] [stderr]    Compiling unreachable v0.1.1
[INFO] [stderr]    Compiling unreachable v1.0.0
[INFO] [stderr]    Compiling synom v0.11.3
[INFO] [stderr]    Compiling arrayvec v0.4.7
[INFO] [stderr]    Compiling itertools v0.5.10
[INFO] [stderr]    Compiling xml-rs v0.7.0
[INFO] [stderr]    Compiling draw_state v0.8.0
[INFO] [stderr]    Compiling proc-macro2 v0.3.6
[INFO] [stderr]    Compiling app_dirs2 v2.0.3
[INFO] [stderr]    Compiling syn v0.10.8
[INFO] [stderr]    Compiling gif v0.9.2
[INFO] [stderr]    Compiling arrayvec v0.3.25
[INFO] [stderr]    Compiling euclid v0.17.2
[INFO] [stderr]    Compiling sid v0.5.0
[INFO] [stderr]    Compiling enum_primitive v0.1.1
[INFO] [stderr]    Compiling alsa-sys v0.1.1
[INFO] [stderr]    Compiling ordered-float v0.5.0
[INFO] [stderr]    Compiling lewton v0.5.2
[INFO] [stderr]    Compiling pulse v0.5.3
[INFO] [stderr]    Compiling msdos_time v0.1.6
[INFO] [stderr]    Compiling chrono v0.4.2
[INFO] [stderr]    Compiling thread_local v0.3.5
[INFO] [stderr]    Compiling syn v0.11.11
[INFO] [stderr]    Compiling cgmath v0.14.1
[INFO] [stderr]    Compiling backtrace-sys v0.1.16
[INFO] [stderr]    Compiling png v0.11.0
[INFO] [stderr]    Compiling crossbeam-epoch v0.3.1
[INFO] [stderr]    Compiling quote v0.5.1
[INFO] [stderr]    Compiling rusttype v0.5.2
[INFO] [stderr]    Compiling slog-async v2.3.0
[INFO] [stderr]    Compiling lyon_geom v0.10.0
[INFO] [stderr]    Compiling backtrace v0.3.5
[INFO] [stderr]    Compiling gl_generator v0.9.0
[INFO] [stderr]    Compiling crossbeam-deque v0.2.0
[INFO] [stderr]    Compiling syn v0.13.1
[INFO] [stderr]    Compiling num-complex v0.1.43
[INFO] [stderr]    Compiling num-bigint v0.1.43
[INFO] [stderr]    Compiling slog-term v2.3.0
[INFO] [stderr]    Compiling generic-array v0.8.3
[INFO] [stderr]    Compiling synstructure v0.6.1
[INFO] [stderr]    Compiling lyon_path v0.10.0
[INFO] [stderr]    Compiling bzip2 v0.3.2
[INFO] [stderr]    Compiling cpal v0.6.0
[INFO] [stderr]    Compiling alga v0.5.3
[INFO] [stderr]    Compiling lyon_tessellation v0.10.0
[INFO] [stderr]    Compiling zip v0.3.1
[INFO] [stderr]    Compiling rodio v0.6.0
[INFO] [stderr]    Compiling nalgebra v0.14.1
[INFO] [stderr]    Compiling rayon v1.0.1
[INFO] [stderr]    Compiling rayon v0.8.2
[INFO] [stderr]    Compiling num-rational v0.1.42
[INFO] [stderr]    Compiling toml v0.4.6
[INFO] [stderr]    Compiling shred-derive v0.3.0
[INFO] [stderr]    Compiling smart-default v0.2.0
[INFO] [stderr]    Compiling failure_derive v0.1.1
[INFO] [stderr]    Compiling specs-derive v0.1.0
[INFO] [stderr]    Compiling lyon v0.10.0
[INFO] [stderr]    Compiling num v0.1.42
[INFO] [stderr]    Compiling gfx_gl v0.5.0
[INFO] [stderr]    Compiling serde_derive_internals v0.23.0
[INFO] [stderr]    Compiling sdl2 v0.31.0
[INFO] [stderr]    Compiling collision v0.14.0
[INFO] [stdout] error[E0119]: conflicting implementations of trait `std::ops::Mul<&_>` for type `geometry::translation::Translation<_, _>`
[INFO] [stdout]    --> /opt/rustwide/cargo-home/registry/src/github.com-1ecc6299db9ec823/nalgebra-0.14.1/src/geometry/isometry_ops.rs:67:9
[INFO] [stdout]     |
[INFO] [stdout] 67  | /         impl<$($lives ,)* N: Real, D: DimName, R> $Op<$Rhs> for $Lhs
[INFO] [stdout] 68  | |             where R: AlgaRotation<Point<N, D>>,
[INFO] [stdout] 69  | |                   DefaultAllocator: Allocator<N, D> {
[INFO] [stdout] 70  | |             type Output = $Output;
[INFO] [stdout] ...   |
[INFO] [stdout] 75  | |             }
[INFO] [stdout] 76  | |         }
[INFO] [stdout]     | |         ^
[INFO] [stdout]     | |         |
[INFO] [stdout]     | |_________first implementation here
[INFO] [stdout]     |           conflicting implementation for `geometry::translation::Translation<_, _>`
[INFO] [stdout] ...
[INFO] [stdout] 285 | / isometry_binop_impl_all!(
[INFO] [stdout] 286 | |     Mul, mul;
[INFO] [stdout] 287 | |     self: Translation<N, D>, right: R, Output = Isometry<N, D, R>;
[INFO] [stdout] 288 | |     [val val] => Isometry::from_parts(self, right);
[INFO] [stdout] ...   |
[INFO] [stdout] 291 | |     [ref ref] => Isometry::from_parts(self.clone(), right.clone());
[INFO] [stdout] 292 | | );
[INFO] [stdout]     | |__- in this macro invocation
[INFO] [stdout]     |
[INFO] [stdout]     = note: downstream crates may implement trait `alga::linear::Rotation<geometry::point::Point<_, _>>` for type `&_`
[INFO] [stdout]     = note: this error originates in a macro (in Nightly builds, run with -Z macro-backtrace for more info)
[INFO] [stdout] 
[INFO] [stdout] 
[INFO] [stdout] error[E0119]: conflicting implementations of trait `std::ops::Mul<&_>` for type `&geometry::translation::Translation<_, _>`
[INFO] [stdout]    --> /opt/rustwide/cargo-home/registry/src/github.com-1ecc6299db9ec823/nalgebra-0.14.1/src/geometry/isometry_ops.rs:67:9
[INFO] [stdout]     |
[INFO] [stdout] 67  | /         impl<$($lives ,)* N: Real, D: DimName, R> $Op<$Rhs> for $Lhs
[INFO] [stdout] 68  | |             where R: AlgaRotation<Point<N, D>>,
[INFO] [stdout] 69  | |                   DefaultAllocator: Allocator<N, D> {
[INFO] [stdout] 70  | |             type Output = $Output;
[INFO] [stdout] ...   |
[INFO] [stdout] 75  | |             }
[INFO] [stdout] 76  | |         }
[INFO] [stdout]     | |         ^
[INFO] [stdout]     | |         |
[INFO] [stdout]     | |_________first implementation here
[INFO] [stdout]     |           conflicting implementation for `&geometry::translation::Translation<_, _>`
[INFO] [stdout] ...
[INFO] [stdout] 285 | / isometry_binop_impl_all!(
[INFO] [stdout] 286 | |     Mul, mul;
[INFO] [stdout] 287 | |     self: Translation<N, D>, right: R, Output = Isometry<N, D, R>;
[INFO] [stdout] 288 | |     [val val] => Isometry::from_parts(self, right);
[INFO] [stdout] ...   |
[INFO] [stdout] 291 | |     [ref ref] => Isometry::from_parts(self.clone(), right.clone());
[INFO] [stdout] 292 | | );
[INFO] [stdout]     | |__- in this macro invocation
[INFO] [stdout]     |
[INFO] [stdout]     = note: downstream crates may implement trait `alga::linear::Rotation<geometry::point::Point<_, _>>` for type `&_`
[INFO] [stdout]     = note: this error originates in a macro (in Nightly builds, run with -Z macro-backtrace for more info)
[INFO] [stdout] 
[INFO] [stdout] 
[INFO] [stdout] error[E0592]: duplicate definitions with name `new`
[INFO] [stdout]    --> /opt/rustwide/cargo-home/registry/src/github.com-1ecc6299db9ec823/nalgebra-0.14.1/src/core/construction.rs:489:13
[INFO] [stdout]     |
[INFO] [stdout] 489 |               pub fn new($($args: N),*) -> Self {
[INFO] [stdout]     |               ^^^^^^^^^^^^^^^^^^^^^^^^^^^^^^^^^ duplicate definitions for `new`
[INFO] [stdout] ...
[INFO] [stdout] 501 | / componentwise_constructors_impl!(
[INFO] [stdout] 502 | |     /*
[INFO] [stdout] 503 | |      * Square matrices 1 .. 6.
[INFO] [stdout] 504 | |      */
[INFO] [stdout] ...   |
[INFO] [stdout] 643 | |     U6, U1, x:(0,0), y:(1,0), z:(2,0), w:(3,0), a:(4,0), b:(5,0);
[INFO] [stdout] 644 | | );
[INFO] [stdout]     | |__- in this macro invocation
[INFO] [stdout]     | 
[INFO] [stdout]    ::: /opt/rustwide/cargo-home/registry/src/github.com-1ecc6299db9ec823/nalgebra-0.14.1/src/core/construction_slice.rs:161:13
[INFO] [stdout]     |
[INFO] [stdout] 161 |               pub fn new(data: &'a [N], $($args: usize),*) -> Self {
[INFO] [stdout]     |               ---------------------------------------------------- other definition for `new`
[INFO] [stdout]     |
[INFO] [stdout]     = note: this error originates in a macro (in Nightly builds, run with -Z macro-backtrace for more info)
[INFO] [stdout] 
[INFO] [stdout] 
[INFO] [stdout] error[E0592]: duplicate definitions with name `new`
[INFO] [stdout]    --> /opt/rustwide/cargo-home/registry/src/github.com-1ecc6299db9ec823/nalgebra-0.14.1/src/core/construction.rs:489:13
[INFO] [stdout]     |
[INFO] [stdout] 489 |               pub fn new($($args: N),*) -> Self {
[INFO] [stdout]     |               ^^^^^^^^^^^^^^^^^^^^^^^^^^^^^^^^^ duplicate definitions for `new`
[INFO] [stdout] ...
[INFO] [stdout] 501 | / componentwise_constructors_impl!(
[INFO] [stdout] 502 | |     /*
[INFO] [stdout] 503 | |      * Square matrices 1 .. 6.
[INFO] [stdout] 504 | |      */
[INFO] [stdout] ...   |
[INFO] [stdout] 643 | |     U6, U1, x:(0,0), y:(1,0), z:(2,0), w:(3,0), a:(4,0), b:(5,0);
[INFO] [stdout] 644 | | );
[INFO] [stdout]     | |__- in this macro invocation
[INFO] [stdout]     | 
[INFO] [stdout]    ::: /opt/rustwide/cargo-home/registry/src/github.com-1ecc6299db9ec823/nalgebra-0.14.1/src/core/construction_slice.rs:218:13
[INFO] [stdout]     |
[INFO] [stdout] 218 |               pub fn new(data: &'a mut [N], $($args: usize),*) -> Self {
[INFO] [stdout]     |               -------------------------------------------------------- other definition for `new`
[INFO] [stdout]     |
[INFO] [stdout]     = note: this error originates in a macro (in Nightly builds, run with -Z macro-backtrace for more info)
[INFO] [stdout] 
[INFO] [stdout] 
[INFO] [stdout] error: aborting due to 4 previous errors
[INFO] [stdout] 
[INFO] [stdout] 
[INFO] [stdout] Some errors have detailed explanations: E0119, E0592.
[INFO] [stdout] 
[INFO] [stdout] For more information about an error, try `rustc --explain E0119`.
[INFO] [stdout] 
[INFO] [stderr] error: could not compile `nalgebra`
[INFO] [stderr] 
[INFO] [stderr] To learn more, run the command again with --verbose.
[INFO] [stderr] warning: build failed, waiting for other jobs to finish...
[INFO] [stderr] error: build failed
[INFO] running `Command { std: "docker" "inspect" "7b9e54b1e235a1cf7418c4395ba88f87c1ff774f2cd873ea05a6c9bec6f6e4b1", kill_on_drop: false }`
[INFO] running `Command { std: "docker" "rm" "-f" "7b9e54b1e235a1cf7418c4395ba88f87c1ff774f2cd873ea05a6c9bec6f6e4b1", kill_on_drop: false }`
[INFO] [stdout] 7b9e54b1e235a1cf7418c4395ba88f87c1ff774f2cd873ea05a6c9bec6f6e4b1
